772.
45
Calculate the remainder when 45575592 is divided by 1961.
1952
Calculate the remainder when 270964 is divided by 53957.
1179
What is the remainder when 14124 is divided by 10634?
3490
Calculate the remainder when 1474893 is divided by 737427.
39
What is the remainder when 47893819 is divided by 2573?
2570
What is the remainder when 148212 is divided by 143698?
4514
Calculate the remainder when 621414 is divided by 19.
0
What is the remainder when 3570017 is divided by 21250?
17
What is the remainder when 5494432 is divided by 354?
352
What is the remainder when 3718314 is divided by 27543?
9
What is the remainder when 16946584 is divided by 546664?
0
What is the remainder when 26438624 is divided by 208178?
18
What is the remainder when 17948379 is divided by 523?
65
What is the remainder when 8343312 is divided by 921?
894
What is the remainder when 1512874 is divided by 168095?
19
Calculate the remainder when 1660894 is divided by 292.
290
What is the remainder when 37862 is divided by 37539?
323
What is the remainder when 2274591 is divided by 758186?
33
Calculate the remainder when 4758319 is divided by 4222.
125
What is the remainder when 160837 is divided by 66?
61
What is the remainder when 1066426 is divided by 2150?
26
Calculate the remainder when 217327 is divided by 62.
17
Calculate the remainder when 29797 is divided by 5918.
207
Calculate the remainder when 782162 is divided by 39105.
62
Calculate the remainder when 151522 is divided by 2228.
18
What is the remainder when 1372173 is divided by 793?
283
What is the remainder when 24778 is divided by 6091?
414
What is the remainder when 89401 is divided by 1556?
709
Calculate the remainder when 531940 is divided by 8469.
6862
Calculate the remainder when 25482716 is divided by 932.
904
What is the remainder when 12298 is divided by 1623?
937
Calculate the remainder when 58322798 is divided by 29161389.
20
Calculate the remainder when 1657585587 is divided by 59.
57
Calculate the remainder when 1753693 is divided by 526.
9
What is the remainder when 1662313 is divided by 72257?
402
Calculate the remainder when 803307 is divided by 1063.
742
What is the remainder when 29771 is divided by 2592?
1259
Calculate the remainder when 1081967465 is divided by 537.
533
What is the remainder when 1563664 is divided by 2380?
4
What is the remainder when 7003147 is divided by 7003134?
13
Calculate the remainder when 526543 is divided by 3509.
193
What is the remainder when 11105936 is divided by 1986?
224
What is the remainder when 219362 is divided by 651?
626
What is the remainder when 100462 is divided by 5001?
442
What is the remainder when 148346638 is divided by 702?
700
Calculate the remainder when 130270 is divided by 54.
22
Calculate the remainder when 305087 is divided by 666.
59
What is the remainder when 289409 is divided by 2491?
453
What is the remainder when 922568 is divided by 92253?
38
Calculate the remainder when 6345285 is divided by 29.
27
What is the remainder when 1013364 is divided by 948?
900
What is the remainder when 13379164 is divided by 11048?
36
What is the remainder when 8592618 is divided by 58453?
27
Calculate the remainder when 1029137 is divided by 4288.
17
Calculate the remainder when 707864 is divided by 595.
409
Calculate the remainder when 359504 is divided by 12833.
180
What is the remainder when 1179435 is divided by 392916?
687
What is the remainder when 97641140 is divided by 232?
228
What is the remainder when 5397569 is divided by 370?
9
Calculate the remainder when 404369 is divided by 3851.
14
Calculate the remainder when 33435820 is divided by 134.
6
Calculate the remainder when 90205 is divided by 1388.
1373
Calculate the remainder when 1811212 is divided by 176.
172
Calculate the remainder when 25114 is divided by 24609.
505
Calculate the remainder when 5820801 is divided by 2579.
2577
What is the remainder when 1086568 is divided by 245?
238
What is the remainder when 2368356 is divided by 789447?
15
Calculate the remainder when 5634950 is divided by 1878300.
50
What is the remainder when 646134 is divided by 8838?
960
Calculate the remainder when 18116679 is divided by 8.
7
What is the remainder when 123472 is divided by 335?
192
Calculate the remainder when 158075867 is divided by 397.
392
What is the remainder when 43461 is divided by 630?
621
Calculate the remainder when 62615035 is divided by 384.
379
What is the remainder when 1425793 is divided by 180?
13
Calculate the remainder when 7996204 is divided by 158.
140
Calculate the remainder when 42023 is divided by 5719.
1990
Calculate the remainder when 2761555 is divided by 920493.
76
Calculate the remainder when 41968 is divided by 18860.
4248
Calculate the remainder when 482897 is divided by 6692.
1073
Calculate the remainder when 486757 is divided by 115.
77
What is the remainder when 546940 is divided by 181657?
1969
What is the remainder when 61526961 is divided by 20508986?
3
Calculate the remainder when 58562229 is divided by 14640554.
13
Calculate the remainder when 420092526 is divided by 6262.
6256
What is the remainder when 11331 is divided by 5262?
807
What is the remainder when 170056 is divided by 1053?
523
Calculate the remainder when 103876 is divided by 380.
136
What is the remainder when 134068 is divided by 7886?
6
What is the remainder when 1228998 is divided by 1249?
1231
Calculate the remainder when 1085247 is divided by 2401.
2396
Calculate the remainder when 88035 is divided by 1741.
985
Calculate the remainder when 3555666 is divided by 2483.
10
Calculate the remainder when 1384349 is divided by 2607.
32
Calculate the remainder when 80463 is divided by 80429.
34
Calculate the remainder when 284071 is divided by 9158.
173
Calculate the remainder when 380954057 is divided by 203.
197
What is the remainder when 9246113 is divided by 167?
158
Calculate the remainder when 346687 is divided by 28870.
247
Calculate the remainder when 1614663 is divided by 302.
171
What is the remainder when 424748 is divided by 911?
222
Calculate the remainder when 55761369 is divided by 2747.
16
What is the remainder when 39818 is divided by 6431?
1232
What is the remainder when 441721 is divided by 146543?
2092
What is the remainder when 650868 is divided by 650744?
124
Calculate the remainder when 356855 is divided by 44543.
511
What is the remainder when 15335692 is divided by 3833922?
4
Calculate the remainder when 365797 is divided by 15900.
97
What is the remainder when 30351 is divided by 1552?
863
Calculate the remainder when 966790 is divided by 58.
46
Calculate the remainder when 17818469 is divided by 57.
41
Calculate the remainder when 1845452 is divided by 184545.
2
What is the remainder when 667338369 is divided by 23?
16
Calculate the remainder when 15919784 is divided by 182986.
2
Calculate the remainder when 17074398 is divided by 131.
120
What is the remainder when 251025679 is divided by 76439?
3
Calculate the remainder when 11103068 is divided by 5551085.
898
Calculate the remainder when 102106358 is divided by 1664.
1654
Calculate the remainder when 21696915 is divided by 39884.
19
Calculate the remainder when 279102 is divided by 34761.
1014
Calculate the remainder when 66714946 is divided by 108.
106
Calculate the remainder when 1508911 is divided by 129.
127
What is the remainder when 605623 is divided by 60559?
33
What is the remainder when 14962291 is divided by 33?
25
Calculate the remainder when 33132501 is divided by 200803.
6
Calculate the remainder when 2187109 is divided by 789.
1
Calculate the remainder when 129760504 is divided by 17.
14
What is the remainder when 98227 is divided by 6537?
172
Calculate the remainder when 65319291 is divided by 69.
27
What is the remainder when 21022315 is divided by 753?
61
What is the remainder when 18767 is divided by 9324?
119
Calculate the remainder when 266347 is divided by 1789.
1575
Calculate the remainder when 271750 is divided by 627.
259
What is the remainder when 6065907 is divided by 1958?
23
Calculate the remainder when 1658103 is divided by 35.
13
Calculate the remainder when 2456961 is divided by 323.
223
What is the remainder when 125159949 is divided by 1286?
1285
What is the remainder when